{"id":115,"date":"2021-03-18T11:04:26","date_gmt":"2021-03-18T10:04:26","guid":{"rendered":"https:\/\/polnor-leader.eu\/?page_id=115"},"modified":"2022-02-27T17:33:14","modified_gmt":"2022-02-27T16:33:14","slug":"elab-skytech-elab-llc","status":"publish","type":"page","link":"https:\/\/polnor-leader.eu\/?page_id=115","title":{"rendered":"SkyTech eLab sp. z o.o.\u00a0"},"content":{"rendered":"\t\t<div data-elementor-type=\"wp-page\" data-elementor-id=\"115\" class=\"elementor elementor-115\">\n\t\t\t\t\t\t<section class=\"elementor-section elementor-top-section elementor-element elementor-element-4da2ca5d elementor-section-content-middle elementor-section-boxed elementor-section-height-default elementor-section-height-default\" data-id=\"4da2ca5d\" data-element_type=\"section\" data-e-type=\"section\">\n\t\t\t\t\t\t<div class=\"elementor-container elementor-column-gap-no\">\n\t\t\t\t\t<div class=\"elementor-column elementor-col-50 elementor-top-column elementor-element elementor-element-22e24503\" data-id=\"22e24503\" data-element_type=\"column\" data-e-type=\"column\">\n\t\t\t<div class=\"elementor-widget-wrap elementor-element-populated\">\n\t\t\t\t\t\t<div class=\"elementor-element elementor-element-7b594cc6 elementor-widget elementor-widget-image\" data-id=\"7b594cc6\" data-element_type=\"widget\" data-e-type=\"widget\" data-widget_type=\"image.default\">\n\t\t\t\t<div class=\"elementor-widget-container\">\n\t\t\t\t\t\t\t\t\t\t\t\t\t\t\t\t<a href=\"http:\/\/www.skytechelab.com\/project-leader\/\">\n\t\t\t\t\t\t\t<img fetchpriority=\"high\" decoding=\"async\" width=\"1280\" height=\"720\" src=\"https:\/\/polnor-leader.eu\/wp-content\/uploads\/2021\/03\/SkyTech-eLab-Logo.png\" class=\"attachment-full size-full wp-image-143\" alt=\"\" srcset=\"https:\/\/polnor-leader.eu\/wp-content\/uploads\/2021\/03\/SkyTech-eLab-Logo.png 1280w, https:\/\/polnor-leader.eu\/wp-content\/uploads\/2021\/03\/SkyTech-eLab-Logo-300x169.png 300w, https:\/\/polnor-leader.eu\/wp-content\/uploads\/2021\/03\/SkyTech-eLab-Logo-1024x576.png 1024w, https:\/\/polnor-leader.eu\/wp-content\/uploads\/2021\/03\/SkyTech-eLab-Logo-768x432.png 768w\" sizes=\"100vw\" \/>\t\t\t\t\t\t\t\t<\/a>\n\t\t\t\t\t\t\t\t\t\t\t\t\t\t\t<\/div>\n\t\t\t\t<\/div>\n\t\t\t\t\t<\/div>\n\t\t<\/div>\n\t\t\t\t<div class=\"elementor-column elementor-col-50 elementor-top-column elementor-element elementor-element-14f40357\" data-id=\"14f40357\" data-element_type=\"column\" data-e-type=\"column\">\n\t\t\t<div class=\"elementor-widget-wrap elementor-element-populated\">\n\t\t\t\t\t\t<div class=\"elementor-element elementor-element-125d59c0 elementor-widget elementor-widget-heading\" data-id=\"125d59c0\" data-element_type=\"widget\" data-e-type=\"widget\" data-widget_type=\"heading.default\">\n\t\t\t\t<div class=\"elementor-widget-container\">\n\t\t\t\t\t<h4 class=\"elementor-heading-title elementor-size-default\">O SkyTech\neLab <\/h4>\t\t\t\t<\/div>\n\t\t\t\t<\/div>\n\t\t\t\t<div class=\"elementor-element elementor-element-252b5e17 elementor-widget elementor-widget-text-editor\" data-id=\"252b5e17\" data-element_type=\"widget\" data-e-type=\"widget\" data-widget_type=\"text-editor.default\">\n\t\t\t\t<div class=\"elementor-widget-container\">\n\t\t\t\t\t\t\t\t\t<p>Firma SkyTech eLab sp. z o.o. (STeL) zosta\u0142a zarejestrowana w dniu 02.02.2017 przez zesp\u00f3\u0142 pracownik\u00f3w Politechniki \u015al\u0105skiej Wydzialu Mechanicznego Technologicznego zajmuj\u0105cy si\u0119 badaniami w zakresie nowoczesnych lotniczych konstrukcji lekkich i energooszcz\u0119dnych elektrycznych system\u00f3w nap\u0119dowych przeznaczonych do zastosowania w lotnictwie, motoryzacji i robotyce mobilnej. Firma ma stanowi\u0107 pomost mi\u0119dzy badaniami naukowymi prowadzonymi na uczelniach i zapotrzebowaniem przemys\u0142u lotniczego, kosmicznego i motoryzacyjnego.<\/p>\t\t\t\t\t\t\t\t<\/div>\n\t\t\t\t<\/div>\n\t\t\t\t\t<\/div>\n\t\t<\/div>\n\t\t\t\t\t<\/div>\n\t\t<\/section>\n\t\t\t\t<section class=\"elementor-section elementor-top-section elementor-element elementor-element-083cb09 elementor-section-boxed elementor-section-height-default elementor-section-height-default\" data-id=\"083cb09\" data-element_type=\"section\" data-e-type=\"section\">\n\t\t\t\t\t\t<div class=\"elementor-container elementor-column-gap-default\">\n\t\t\t\t\t<div class=\"elementor-column elementor-col-100 elementor-top-column elementor-element elementor-element-865977c\" data-id=\"865977c\" data-element_type=\"column\" data-e-type=\"column\">\n\t\t\t<div class=\"elementor-widget-wrap elementor-element-populated\">\n\t\t\t\t\t\t<div class=\"elementor-element elementor-element-c500b09 elementor-widget elementor-widget-text-editor\" data-id=\"c500b09\" data-element_type=\"widget\" data-e-type=\"widget\" data-widget_type=\"text-editor.default\">\n\t\t\t\t<div class=\"elementor-widget-container\">\n\t\t\t\t\t\t\t\t\t<p>Firma skupia si\u0119 na wdra\u017caniu wynik\u00f3w prac badawczych i rozwojowych prowadzonych w ramach dzia\u0142a\u0144 naukowych wraz z Politechnika \u015al\u0105sk\u0105. Wyniki bada\u0144 naukowych prowadzonych przez nasz zesp\u00f3\u0142 s\u0105 ka\u017cdorazowo analizowane pod k\u0105tem wykorzystania w przemy\u015ble. Dzia\u0142ania obejmuj\u0105 wyszukiwanie potencjalnych zastosowa\u0144 i odbiorc\u00f3w technologii dla wynik\u00f3w prac prowadzonych w ramach Uczelni i wdra\u017caniu w porozumieniu z Uczelni\u0105 oraz prowadzeniu niezale\u017cnie od Uczelni w\u0142asnych prac badawczych i rozwojowych w oparciu o w\u0142asne pomys\u0142y wraz z parterami przemys\u0142owymi. Podejmowane wyzwania obejmuj\u0105 prace badawcze i wdro\u017ceniowe wymagaj\u0105ce specjalistycznego Know-How i wysokich umiej\u0119tno\u015bci personelu. Trzon pracownik\u00f3w STeL stanowi\u0105 pracownicy naukowi i doktoranci Uczelni. STeL na sta\u0142e wsp\u00f3\u0142pracuje z firmami z \u015al\u0105skiego Klastra Lotniczego oraz firmami przemys\u0142u motoryzacyjnego z regionu. Poprzez kontakty i projekty umi\u0119dzynarodowienia firm z \u015al\u0105skiego Klastra Lotniczego nawi\u0105zuje tak\u017ce kontakty z firmami i uczelniami zagranicznymi d\u0105\u017c\u0105c do rozszerzenia wsp\u00f3\u0142pracy o rynek zagraniczny. W tym celu nawi\u0105zano ju\u017c wsp\u00f3\u0142prace z Firmami z USA i Szwecji i uczelniami z Wielkiej Brytanii i Szwecji.<\/p><p>Finansowanie dzia\u0142a\u0144 STeL prowadzi w oparciu o zlecenia z ww. firm. Wa\u017cnym aspektem dzia\u0142ania firmy s\u0105 starania o wsparcie finansowe samodzielnych lub w porozumieniu z parterami przemys\u0142owymi i naukowymi projekt\u00f3w badawczo-rozwojowych z program\u00f3w finansowanych przez NCBiR oraz \u015brodk\u00f3w europejskich w ramach programu Horizon 2020.<\/p><p>Zakres kompetencji firmy obejmuje projektowanie, optymalizacj\u0119 i wdra\u017canie energooszcz\u0119dnych elektrycznych uk\u0142ad\u00f3w nap\u0119dowych, hybrydowych \u017ar\u00f3de\u0142 zasilania a w szczeg\u00f3lno\u015bci uk\u0142ad\u00f3w opartych o ogniwa wodorowe, projektowanie lekkich struktur no\u015bnych a w szczeg\u00f3lno\u015bci lotniczych kompozytowych struktur no\u015bnych, projektowanie i wdra\u017canie uk\u0142ad\u00f3w mobilnych w tym samolot\u00f3w lekkich i szybowc\u00f3w, UAV, pojazd\u00f3w elektrycznych, robot\u00f3w mobilnych. Wa\u017cnym aspektem dzia\u0142ania STeL jest opracowywanie system\u00f3w opartych na wiedzy (Knowledge -Based Engineering \u2013 KBE) w zastosowaniach automatyzacji proces\u00f3w projektowania w formie aplikacji komputerowych wspomagaj\u0105cych prace projektant\u00f3w oraz prowadzenie prac projektowych w r\u00f3\u017cnych zakresach tak\u017ce w oparciu o w\u0142asne rozwi\u0105zania KBE. W swoich dzia\u0142aniach pracownicy STeL wykorzystuj\u0105 bieg\u0142e umiej\u0119tno\u015bci projektowe i badawcze z wykorzystywaniem specjalistycznego oprogramowania takiego jak np. r\u00f3\u017cnorodne systemy CAD (CATIA, Siemens NX, Solidworks, Inventor), oprogramowanie typu CAE (Matlab\/Simulink, Hyperworks, Ansys), a tak\u017ce wykorzystuj\u0105 systemy i oprogramowanie badawcze National Instruments i Labview.<\/p>\t\t\t\t\t\t\t\t<\/div>\n\t\t\t\t<\/div>\n\t\t\t\t\t<\/div>\n\t\t<\/div>\n\t\t\t\t\t<\/div>\n\t\t<\/section>\n\t\t\t\t<\/div>\n\t\t","protected":false},"excerpt":{"rendered":"<p>O SkyTech eLab Firma SkyTech eLab sp. z o.o. (STeL) zosta\u0142a zarejestrowana w dniu 02.02.2017 przez zesp\u00f3\u0142 pracownik\u00f3w Politechniki \u015al\u0105skiej Wydzialu Mechanicznego Technologicznego zajmuj\u0105cy si\u0119 badaniami w zakresie nowoczesnych lotniczych konstrukcji lekkich i energooszcz\u0119dnych elektrycznych system\u00f3w nap\u0119dowych przeznaczonych do zastosowania w lotnictwie, motoryzacji i robotyce mobilnej. Firma ma stanowi\u0107 pomost mi\u0119dzy badaniami naukowymi prowadzonymi na &hellip; <\/p>\n<p class=\"link-more\"><a href=\"https:\/\/polnor-leader.eu\/?page_id=115\" class=\"more-link\">Continue reading<span class=\"screen-reader-text\"> &#8220;SkyTech eLab sp. z o.o.\u00a0&#8220;<\/span><\/a><\/p>\n","protected":false},"author":1,"featured_media":0,"parent":0,"menu_order":0,"comment_status":"closed","ping_status":"closed","template":"","meta":{"footnotes":""},"class_list":["post-115","page","type-page","status-publish","hentry"],"_links":{"self":[{"href":"https:\/\/polnor-leader.eu\/index.php?rest_route=\/wp\/v2\/pages\/115","targetHints":{"allow":["GET"]}}],"collection":[{"href":"https:\/\/polnor-leader.eu\/index.php?rest_route=\/wp\/v2\/pages"}],"about":[{"href":"https:\/\/polnor-leader.eu\/index.php?rest_route=\/wp\/v2\/types\/page"}],"author":[{"embeddable":true,"href":"https:\/\/polnor-leader.eu\/index.php?rest_route=\/wp\/v2\/users\/1"}],"replies":[{"embeddable":true,"href":"https:\/\/polnor-leader.eu\/index.php?rest_route=%2Fwp%2Fv2%2Fcomments&post=115"}],"version-history":[{"count":17,"href":"https:\/\/polnor-leader.eu\/index.php?rest_route=\/wp\/v2\/pages\/115\/revisions"}],"predecessor-version":[{"id":356,"href":"https:\/\/polnor-leader.eu\/index.php?rest_route=\/wp\/v2\/pages\/115\/revisions\/356"}],"wp:attachment":[{"href":"https:\/\/polnor-leader.eu\/index.php?rest_route=%2Fwp%2Fv2%2Fmedia&parent=115"}],"curies":[{"name":"wp","href":"https:\/\/api.w.org\/{rel}","templated":true}]}}